Let j(o) = -o - 15. Let y(b) = -b - 10. Let k(f) = -5*j(f) + 7*y(f). What is the units digit of k(-7)?
9
Let h(s) = -s**3 + 3*s**2 + 3*s + 1. Let m(t) = 3*t + 1. Let v be m(-1). What is the tens digit of h(v)?
1
Suppose -3*v - k + 106 = 0, -5*k = -0*v - 2*v + 48. What is the tens digit of v?
3
Let u be (-1 + 4 - 1) + 12. Let a be (2/(-7))/((-2)/u). Suppose g = a*g - 6. What is the units digit of g?
6
Let b = -2 - -6. Suppose 5*d - 19 = -b. What is the units digit of d/(-2)*10/(-3)?
5
Let w = 15 + -11. Suppose -2*k = w*y + k - 77, -4*y + 71 = k. What is the tens digit of y?
1
Suppose 0 = -5*j + 3*s + 5, 34 - 14 = 4*s. Suppose j*g + 6 = 26. What is the units digit of g?
5
Let r(m) = 2*m**2 - m + 6. What is the tens digit of r(3)?
2
Let o(k) = 2 + k - 2 + 1. Let y(a) = 6*a**3 - 2*a**2 + 3*a. Let t be y(1). What is the units digit of o(t)?
8
Suppose 0 = 5*f + f - 504. What is the tens digit of f?
8
Let w = -71 + 90. What is the tens digit of w?
1
Suppose 2*h + 2 = 3*h. Let c = h + -3. What is the units digit of 2 - (-1 + c)/(-2)?
1
Let y = -570 + 228. What is the units digit of 2/(-10) - y/10?
4
Let g(i) = -i**3 - i**2 + 2*i - 4. What is the tens digit of g(-4)?
3
Let c be 2/(-4) - (-45)/6. Let s(l) = c*l - l**2 - l + 11 + 2*l. What is the units digit of s(9)?
2
Suppose 0 = -3*a + b + 5, -3*b + 0*b = -3*a + 9. Let g(m) = 2*m**3 - m**2. Let k be g(a). What is the units digit of (6/(-12))/(k/(-10))?
5
Let r(u) = 5*u**2 + 16*u - 14. What is the hundreds digit of r(-8)?
1
Let x(q) be the first derivative of q**4/12 + 2*q**2 + q - 4. Let d(v) be the first derivative of x(v). What is the units digit of d(-4)?
0
Let y = -6 + 5. Let m = 14 + y. What is the units digit of m?
3
Let w(j) = -j**3 + 3. Let k be w(0). Suppose -2*v = 4*c - 2*c, -5*c = k*v + 4. Suppose -v*f = -0*f - 8. What is the units digit of f?
4
Suppose -l = 2*b + 2, -4 = -l - l + 4*b. What is the units digit of 7 + l*(-3)/6?
7
What is the tens digit of -1*((-92)/6 + 6/18)?
1
What is the tens digit of (0 + -1)/((-3)/246)?
8
Let g(u) = u - 9. Suppose -4*l + 33 = -l. What is the units digit of g(l)?
2
Suppose 2*h + 34 = 5*y, -4*y - 2*h + 24 - 4 = 0. Suppose g + 10 = y*g. What is the units digit of g?
2
Suppose 10 = -2*i - 3*i. What is the units digit of (-1)/(i/4*1)?
2
Let f = 24 - 0. Suppose j = 5*j + f. Let y = 10 + j. What is the units digit of y?
4
Let j be 3 + 3*21/3. Suppose 8 + j = 4*y. What is the units digit of y?
8
Suppose 3 - 96 = -3*x. What is the units digit of x?
1
Let f = 8 + -4. Let k = -1 - -4. Suppose -u - k = -f*u. What is the units digit of u?
1
Let c(f) = -f + 20. Let q be c(0). Suppose 2*k = 6*k. Suppose k = 2*a + 2*r - 12, -r - r = 4*a - q. What is the units digit of a?
4
Suppose 39 + 19 = r. What is the units digit of r?
8
Suppose -2*q - 12 = 2*q. Let o = q - -7. Suppose o*x - 20 = -4*v, v + x = 3*x - 1. What is the units digit of v?
3
Let v(t) be the first derivative of -t**3/3 - 4*t**2 - 6*t - 5. What is the units digit of v(-7)?
1
Let f be ((-1)/6*-4)/(2/3). Let p = -5 + 7. Suppose -m - f = -p*m. What is the units digit of m?
1
Let v(u) = -u**2 + 32*u + 18. What is the tens digit of v(30)?
7
What is the tens digit of 130/30*6/2?
1
Let k(y) = -4*y - 6. Suppose 5*c - i + 20 = -8, -11 = c - 2*i. What is the tens digit of k(c)?
1
Suppose 3*b = -15, -2*q + 2*b - 4*b = 6. Suppose -q*m + 16 = -m. What is the tens digit of m?
1
Suppose 2*g - 14 = -4. What is the units digit of g?
5
Suppose 0 = -4*k - 0*k + 112. Suppose -58 - 77 = -3*f. Let n = f - k. What is the units digit of n?
7
Let x be ((-4)/3)/((-6)/9). Suppose -6*p = -x*p + 4. Let v = 2 + p. What is the units digit of v?
1
Let f = 9 - 7. Suppose 0 = 3*v + 2 - 14. Suppose 4*r = 2*o - 22, -r = -f*o + v*o - 17. What is the units digit of o?
9
Suppose 0*t - 225 = -5*t. Let r = -31 + t. What is the units digit of r?
4
Suppose -4*w - 12 = -5*x, w + 6 = -w. Suppose -2*b + 6*b - 20 = x, -4*z = -4*b + 12. What is the units digit of (4/7)/(z/7)?
2
Let g(v) = v**2 + 2*v - 3. Suppose 4*w = 12, -2*k = 2*k + 4*w + 8. Let o be g(k). Let y = o + -7. What is the units digit of y?
5
Let b(l) = l + 2. Let n be b(-5). What is the units digit of (-3)/(-3) + 8 + n?
6
Let h = 62 + 8. What is the tens digit of h?
7
Let v = -21 - -28. What is the units digit of v?
7
Let f = 109 - 33. What is the tens digit of f?
7
Suppose -2*g - 22 = -82. What is the tens digit of g?
3
Let h(s) = s**2 - 1. Let u be h(-6). Suppose w - u = -5*t + 35, -2*w = 3*t - 49. Let b = -7 + t. What is the units digit of b?
6
Let f(z) be the second derivative of z**3/2 + z**2 + z. What is the units digit of f(5)?
7
Let c(y) = 15 + 0*y - 1 + 2*y. Let z be c(-10). What is the units digit of 3/z*-2 + 4?
5
Let y be ((-3 - -1) + 3)*4. Suppose w + 10 = -5*f, -f + 2*f = w + y. What is the units digit of w/((-1)/((-2)/(-1)))?
0
What is the units digit of 12*(-4)/(-3 + -5)?
6
Let p = 26 - 10. What is the tens digit of p?
1
Let c be 0/(2/(3 + -1)). Let l = c - -1. What is the units digit of l?
1
Suppose 3*c + 12 = 4*c - 5*i, -3*i - 8 = -c. Suppose -p = 4*p + c*x - 20, -p = -2*x - 16. Let d = -4 + p. What is the units digit of d?
2
Let j = -47 - -68. What is the tens digit of j?
2
Let n = 284 + -202. What is the units digit of n?
2
Let f = 130 + -71. What is the units digit of f?
9
What is the units digit of 129/7 - 4/(-7)?
9
Let g(p) = 39*p - 4. Let l be g(4). Suppose -3*r = 2*y + r - l, -3*y - 2*r + 236 = 0. Suppose -3*m = -8*m + y. What is the units digit of m?
6
Let a(j) = -j + 8. Let k be a(-7). Let q(d) = d**3 - 6*d**2 + 6*d. Let s be q(5). Suppose 2*u - k = -s*t, 0*u - 2*u = -5*t - 25. What is the units digit of u?
0
Suppose -7 = 6*i - 37. Suppose i*f - 252 + 62 = 0. What is the units digit of f?
8
Let i = 4 + -3. Let r = 1 - i. Suppose -20 = -r*z - 4*z. What is the units digit of z?
5
What is the units digit of (-6)/(-9) + (-345)/(-9)?
9
What is the tens digit of (6 - 3) + -3 + 33?
3
Suppose -2*s - 4*s + 504 = 0. What is the units digit of s?
4
Let w(f) = 35*f**2 + 4*f + 3. Let a be w(-2). Let y = -16 + 13. What is the units digit of (2/(-6))/(y/a)?
5
Let o = -154 + 167. What is the units digit of o?
3
Let c(s) = -5*s - 20. What is the units digit of c(-9)?
5
Let c = 4 + -4. Suppose 5 = 3*p + 2*o, -2*p + 4*o + 14 = -c*p. Suppose p*g = 18 - 0. What is the units digit of g?
6
Let p(j) be the second derivative of j**4/6 + 7*j**3/6 - j**2 - 6*j. What is the units digit of p(-6)?
8
Suppose -n + 5*z - 2*z - 6 = 0, 2*z = 2*n. What is the units digit of n?
3
Let j = -2 + 7. Suppose -u + j*k + 32 = 0, 3*u + 3*k = -u + 36. What is the units digit of u?
2
Let a(c) = c**3 + c**2 - c + 1. Let s be a(0). Suppose -2*r + 5 - s = 0. Suppose -r*m + 7 = -11. What is the units digit of m?
9
Suppose p = 4*n - 16, 3*n - 7*n = 2*p - 16. Let j(m) = 15*m - 6. What is the tens digit of j(n)?
5
Let b(k) = -12*k**3 + k. What is the tens digit of b(-1)?
1
Suppose -81 = 15*n - 18*n. What is the units digit of n?
7
Suppose 5 - 3 = 2*c. Let q(m) be the second derivative of 2*m**5/5 - m**3/6 + m. What is the units digit of q(c)?
7
Let c = 30 - 26. Suppose -c*b + 5 = 1. What is the units digit of b?
1
Let t be (46/3)/(2/(-3)). Let j = t - -35. What is the tens digit of j?
1
Let i = -18 + 23. Suppose 2*d - u = -3*d + 154, i*d - 4*u - 151 = 0. What is the units digit of d?
1
Suppose -3*u - 5*i + 1 = -0*i, -2*u + 18 = -i. Let l = -11 + u. What is the units digit of 3/12 + (-7)/l?
2
Let i(b) = b**2 - 3*b + 2. Let a(x) = x**2 - 2*x + 1. Let m(y) = -4*a(y) + 3*i(y). Let u be m(-5). What is the units digit of u/4*(-8)/6?
6
Let d be (-2)/3 + (-11)/(-3). Suppose -2*n + d*i = -44, n + i - 20 = 12. Suppose -3*a - 4 = -n. What is the units digit of a?
8
Let n = -9 - -36. Let b = n - -5. What is the units digit of b?
2
Let m(b) = 11*b**2 - 5*b + 4. Let l be m(3). Suppose 4*q - l = 112. What is the units digit of q?
0
Suppose 2*n = -1 + 5. What is the units digit of n?
2
What is the tens digit of (-5 + 7*16)*1?
0
Suppose 0*d = -4*j - d - 22, -3*j = -2*d + 22. Let w = 4 + j. Let q = w - -16. What is the tens digit of q?
1
Suppose 4*j = -2*k - 4, 5 = -k - 3*j + 2. Suppose -6*o + 2*o - 28 = 4*d, -o + 5*d - 19 = k. Let n(g) = -3*g - 8. What is the tens digit of n(o)?
1
Let q = 103 - -187. What is the hundreds digit of q?
